tors of (-4)/(v/294)*(-1 + 2).
7
Suppose 0 = -v - 5*m + 2*m + 189, -m - 756 = -4*v. Let a = 270 - v. List the prime factors of a.
3
Suppose -5*x = 4*r - 89, -3*r + 31 = -2*r + 3*x. Suppose 3*v - v = r. Suppose -2*b - 5*w + 61 = 0, -2*w - v = -2*b + b. What are the prime factors of b?
2, 3
Suppose -18*b = -14*b - 20. Suppose 0*q - 4 = -q. Suppose 3*u - 47 = -b*y, -u + 0*u + q = 0. What are the prime factors of y?
7
Let t = 2201 + -239. List the prime factors of t.
2, 3, 109
Let d(q) = q**3 + q**2 + 4. Let c be d(0). Suppose 4*i - 11 = -t, -3*i + c*t + 32 = -0*t. Suppose i*a = -p - 2*p, -8 = p + 4*a. List the prime factors of p.
2
Let c(z) = 191*z**2 + z - 2. Let n be c(1). Suppose -2*a + 5*i = a - n, -260 = -4*a + 5*i. List the prime factors of a.
2, 5, 7
Let v(m) = -m**3 - 3*m**2 - 2*m - 7. Let h be v(-3). Let c be 0 + 3 + h - -138. Suppose 33*d = 31*d + c. What are the prime factors of d?
2, 5, 7
Suppose s - 3*s + 178 = 0. Suppose -c = -0*c - s. What are the prime factors of c?
89
Let q(m) = 28*m**3 - 8*m**2 + 21*m - 2. List the prime factors of q(3).
5, 149
List the prime factors of -4 - 12/((24/321)/(-4)).
2, 11, 29
Let f(l) = -l**3 + 4*l**2 + 2*l + 124. List the prime factors of f(0).
2, 31
Suppose 0 = 4*c - 1429 - 2175. What are the prime factors of c?
17, 53
Let a(c) = c + 8. Let w be a(-8). Suppose w = -2*u + 41 + 3. What are the prime factors of u?
2, 11
Let w = -3 - -26. Suppose 5*v = 177 + w. Suppose -5*p + p + 5*c + 84 = 0, 3*p = -2*c + v. What are the prime factors of p?
2
Let y(i) = 775*i**3 + 2*i**2 + 4*i - 4. What are the prime factors of y(1)?
3, 7, 37
Let w = 32 - 23. Suppose 23 = 4*n - w. Let b = 3 + n. List the prime factors of b.
11
Suppose -22*o = -0*o - 462. List the prime factors of o.
3, 7
Let n be ((-12)/8)/(3/(-4)). Suppose 40 = 3*v - 2*x - 0*x, 5*x - 14 = -n*v. Suppose -17*w + 135 = -v*w. What are the prime factors of w?
3
Suppose -3 = -d + f, -d + 2*f + 4 = 3*d. Let j(l) = 16*l**2 + l + 2. List the prime factors of j(d).
17
Let s(p) = 35*p**2 - 72*p + 306. What are the prime factors of s(4)?
2, 17
Suppose -87 = -5*k + 698. Suppose 11 + k = 3*a. What are the prime factors of a?
2, 7
Let a(f) = -2*f + 1. Let v be a(8). Let q be (324/v)/4*-5. What are the prime factors of q/3*2*1?
2, 3
Let z = 435 - 430. List the prime factors of z.
5
Suppose 8*y = 4*y - 3*v + 14, 2*y = 3*v + 16. Suppose y*d + 9 = 2*t, -2*t + 3*t = -d + 1. What are the prime factors of 10 - (2 - 3 - t)?
13
Let v = 0 - -37. Let x = 71 - 110. What are the prime factors of v/13 - 6/x?
3
Suppose 12*r = -8*r + 25760. List the prime factors of r.
2, 7, 23
Suppose -4*r - 7 = -15. Suppose 0 = -r*l + 57 + 53. List the prime factors of l.
5, 11
Let f(c) = -c - 5. Let a be f(0). Let n be a/(-3) - (-3)/9. Suppose -n*l + 137 = 3*y, 5*y - 3*l - 359 = -118. What are the prime factors of y?
47
Let c be 3*(10/10)/(2 + -1). Suppose 0 = 2*h + c*h - 685. List the prime factors of h.
137
Suppose -3*k + 4 = -7*k. Let f be k + (36 - 4 - 1). Suppose 0 = -3*h + f - 3. List the prime factors of h.
3
Let f = -27 - -30. Suppose 0 = 4*l - 5*i - f, l + 3*i - i = 4. What are the prime factors of l?
2
Suppose 0*o = 5*x - 2*o - 2012, -2015 = -5*x + 5*o. Let v = x + -283. List the prime factors of v.
7, 17
Let i = 18 - 23. Let b(w) = -26 - 4*w + 12 + 4. List the prime factors of b(i).
2, 5
Let i be (17/(-1))/(1/(-3)). Let k be (-390)/(-5) + (-8)/(-4). Let w = k - i. What are the prime factors of w?
29
Let o = -14 - -20. Suppose -o*r = -2*r - 56. What are the prime factors of 304/r + 6/21?
2, 11
Let d = 2247 - 2101. What are the prime factors of d?
2, 73
Suppose 4*x + 72 = 436. Suppose 3*g = -2*g + 685. Let k = g - x. List the prime factors of k.
2, 23
Let i(l) = 7*l**2 - 2*l - 6. What are the prime factors of i(-6)?
2, 3, 43
Suppose 2*t - 2*u = 0, -5*u - 1 = -3*t - 9. Suppose 0 = 9*i - t*i - 400. List the prime factors of i.
2, 5
Let j(v) = -2*v - 7*v - 23 + 8*v - 57*v. List the prime factors of j(-3).
151
Suppose 4*s - 2738 = -178. Let p = s - 387. What are the prime factors of p?
11, 23
Let x = 33 + -17. Let h(w) = 25*w - 175. Let c be h(7). Suppose 4*m + c*m = x. List the prime factors of m.
2
Let j = -3587 - -6289. List the prime factors of j.
2, 7, 193
Let w(b) = 10*b - 5 + 2 - 3*b - b**3 - 8*b**2. Suppose -16 = -k + 5*m, -m + 15 = 3*k + 47. What are the prime factors of w(k)?
3, 5
Let y be (-6)/(-4) - 4/(-8). Suppose 0 = -10*d + d + 180. Suppose -6*t + y*t = -d. List the prime factors of t.
5
Let m(c) = 7*c**2 - 2*c + 14. Let p(a) = 6*a**2 - 2*a + 14. Let f(k) = 7*m(k) - 6*p(k). List the prime factors of f(4).
2, 107
Let d be ((-12)/16)/(6/(-16)). Let t(f) = -11*f**3 + 3 - 7*f**d - f + 10*f**3 + 0*f. What are the prime factors of t(-7)?
2, 5
Suppose -o - 11*i = -10*i - 1179, i + 3537 = 3*o. What are the prime factors of o?
3, 131
Suppose 10 = -2*b - 8. Let g(h) = -2*h**2 - 18*h + 4. List the prime factors of g(b).
2
Let i(o) = -16*o**3 - 2*o**2 + 1. Let j be i(-1). Suppose 5*f + j = 0, 3*f - 32 = -z - 7. What are the prime factors of z?
2, 17
Let t = 93 + -89. Suppose -5*w = -t*k + 123, k + 0*w - w - 32 = 0. List the prime factors of k.
37
Suppose 3*s = 2*s - 11. Let u(q) = q + 11. Let f be u(s). List the prime factors of 37 + (f/(-4))/1.
37
Suppose 0 = -4*r - 0*r + 100. Suppose -v + r = -41. What are the prime factors of v?
2, 3, 11
Suppose 2*l - 27 = l. Suppose 2*c + 13 + 8 = 3*t, -4*t = c + l. Let b = c - -89. What are the prime factors of b?
2, 37
Suppose -641 - 47 = -4*t. Let k = 19 + t. What are the prime factors of k?
191
Let o(d) = 70*d**2 + 36*d - 14*d + 7 - 10*d - 17*d. List the prime factors of o(2).
277
Let v be (-6)/(-15) - (-852)/20. Suppose -29 - v = -4*w. List the prime factors of w.
2, 3
Let n(u) = u**3 + 22*u**2 - 6*u - 3. Let a = 36 - 58. List the prime factors of n(a).
3, 43
What are the prime factors of (-983*5)/((-120)/96)?
2, 983
Let j(i) = -i**2 - 11*i - 14. Let m be j(-6). Suppose 2*k = -2*n + k - 2, -n - 1 = -k. Let g = n + m. List the prime factors of g.
3, 5
Suppose 0 = -2*v - 8, 2*v = 5*u + 52 + 45. Let s = 24 + u. Suppose x - 48 + 10 = -c, -s*x = 6. List the prime factors of c.
2, 5
List the prime factors of (-64 + -18)*(1 - (-89)/(-2)).
3, 29, 41
Let f(o) be the third derivative of 0*o - 1/12*o**4 + 1/60*o**5 + 1/6*o**3 + 1/6*o**6 + 3*o**2 + 0. What are the prime factors of f(1)?
2, 5
What are the prime factors of 180136/161 + (-2)/(-14)?
3, 373
Let u be 1 - 10/(-5) - -1. Suppose 0 = 4*w - u*n - 632, w - 119 - 41 = 3*n. What are the prime factors of w?
157
Let a(v) = -3*v - 17 + 9*v + 3*v - v. List the prime factors of a(8).
47
Let p(x) = -11*x + 120. What are the prime factors of p(-28)?
2, 107
Let x(w) = 4*w**3 - 3*w**2 + w + 6. What are the prime factors of x(6)?
2, 3
Let l(q) = q**3 + 2*q**2 - 11*q - 7. Let z be l(3). Suppose -5*j + z*g + 721 = -854, 0 = -4*j - 4*g + 1268. List the prime factors of j.
2, 79
Let h(m) = m**2 - 17*m + 33. Let q be h(17). Suppose -w - q = -2*w. List the prime factors of w.
3, 11
Let t = 2162 + -1446. What are the prime factors of t?
2, 179
What are the prime factors of ((-986)/232)/(2/(-656))?
2, 17, 41
Let j = -22 - -28. Suppose 211 = j*u + 73. What are the prime factors of u?
23
Let c(i) be the first derivative of i**3/3 - 7*i**2 + 18*i - 3. Let t be c(13). Suppose -t*n = -4*n - 10. List the prime factors of n.
2, 5
What are the prime factors of (-44)/(-154) - (-11670)/21?
2, 139
Suppose -24 = -2*g + 4*q, 1 + 7 = 5*g + 3*q. Suppose 197 = g*f + p, 3*f - 3*p - 39 - 90 = 0. What are the prime factors of f?
2, 3
Let m(z) = -z**3 - 3*z**2 - z + 3. Let a be m(-3). Let g = a + -1. Suppose -g*u - 48 = 2*b - 163, -b = -3*u + 69. What are the prime factors of u?
23
Let z = 1282 + -671. List the prime factors of z.
13, 47
Let w = 270 - -444. What are the prime factors of w?
2, 3, 7, 17
Let f be (4/3)/(12/(-882)). Let g = f - -151. List the prime factors of g.
53
Let w be (13/(-4)*-1)/((-4)/(-496)). Suppose 8*i - 1467 + w = 0. List the prime factors of i.
7, 19
Let h = 10 + 3. Suppose -5*p + 482 + h = 0. List the prime factors of p.
3, 11
Let f(w) = -63*w - 18. What are the prime factors of f(-10)?
2, 3, 17
Suppose 0 = i - 4*i, 0 = -2*d + 4*i - 16. List the prime factors of (-124)/(-2) - (-4 - d).
2, 29
Let o = -5777 + 9